
3, 4159
Suppose -3355*a + 3351*a + 56912 = 0. List the prime factors of a.
2, 3557
Let t = -4 + 7. Let a(l) = -2*l**3 - l**3 + 33 + 2*l**2 + 2*l - 2*l**t - 29. What are the prime factors of a(-3)?
151
Let n(o) = 637*o - 6 + 2 - 622*o. List the prime factors of n(12).
2, 11
Let x = 131 - 128. List the prime factors of (-2718)/(-12)*2/x*2.
2, 151
List the prime factors of (-643389)/(-27) + 6*(-4)/(-1 + 109).
3, 13, 47
Suppose -12039*y = -12049*y + 486580. What are the prime factors of y?
2, 24329
Suppose 5*l - 22361 = 4654. List the prime factors of l.
3, 1801
Let b(i) = i + 1. Let j(y) = 195*y + 234. Let s(z) = -234*b(z) + j(z). Let o be s(-3). Suppose u + 5*a = o, -a - 78 = -u + 15. List the prime factors of u.
97
Let c = 230 - 216. Let q(m) = -m**3 + 22*m**2 + 4*m + 35. What are the prime factors of q(c)?
3, 7, 79
What are the prime factors of 10 + 12587 + (0 - -1)?
2, 6299
Let h = 2129 + 14500. List the prime factors of h.
3, 23, 241
Suppose 0 = 6*m - 49 + 193. Let u = -20 - m. Suppose -x - 3*g = -27, u*x - 37 - 85 = -5*g. List the prime factors of x.
3, 11
Let f = 17546 - 3931. What are the prime factors of f?
5, 7, 389
Let z = -29 - -32. Let b be 1 - 4 - (2 - z). List the prime factors of b/(1 - 732/724).
181
Suppose -8*i = -2*s - 6*i + 10, -4*s - 20 = 4*i. Let k(h) = 2*h**2 - 3*h + 470. What are the prime factors of k(s)?
2, 5, 47
Suppose 18 = 3*i + 9. Suppose -2*u - i*u - 5 = 0. List the prime factors of (3 + (-5 - u))/((-1)/37).
37
Let n(b) = b**2 + 19*b - 6. Let d be n(-20). Let a be 4/d + (0 - 2516/(-14)). Suppose 537 = 3*w + 5*t, 4*w - 2*t + a = 5*w. List the prime factors of w.
2, 3, 29
Suppose 5*b + 4138 = 3*w + 14986, b + 5*w = 2164. List the prime factors of b.
3, 241
Let f(r) = 8*r**2 - 166*r + 47. What are the prime factors of f(-38)?
3, 47, 127
Suppose 2*g = 31 - 25, 5*n = -12*g + 51291. What are the prime factors of n?
3, 17, 67
Let s = -348 - -353. Suppose s*y + 2*k - 4538 = -k, 3*k + 12 = 0. What are the prime factors of y?
2, 5, 7, 13
Let h(v) = v**2 + 4*v + 5. Let n = -10 - -6. Let o be (-6)/n*-2 - (0 - 9). List the prime factors of h(o).
5, 13
Suppose 68 = 5*j - 3*q, -6*j - 52 = -10*j + 3*q. Suppose 0 = -4*r + 4*n + 1236, 19*r - j*r + 2*n - 927 = 0. List the prime factors of r.
3, 103
List the prime factors of ((-11)/11 - (-8)/4)/((-1)/(-13672)).
2, 1709
Let s(k) = 3107*k - 141. What are the prime factors of s(3)?
2, 3, 5, 17
Let u be ((-4)/(-4))/((-1 - 0)/(-3)). Suppose -u*y + 8 = -2*r, -3*y + 0*y = -5*r - 2. Suppose -4*c = -4, l + r = 5*c + 11. List the prime factors of l.
2, 7
What are the prime factors of (-1 + 1 - -3) + (-4080)/(-40)?
3, 5, 7
Let a(s) = -s**3 + 42*s**2 - 15*s + 921. List the prime factors of a(36).
3, 2719
Let i(n) = -n**3 + 6*n**2 - n + 9. Let g be (-5)/(-1) - 0/37. List the prime factors of i(g).
29
List the prime factors of (-615756)/(-388) + 1 + -1.
3, 23
Let t(u) = -7*u**2 + 60*u + 2. Let v = -280 + 285. What are the prime factors of t(v)?
127
Let b(m) = m**2 + 24*m - 54. Let z be b(-24). Let u = 186 - z. What are the prime factors of u?
2, 3, 5
Let g = 2558 + -1478. Suppose 15*v + 4*t - 1070 = 14*v, -2*t = v - g. List the prime factors of v.
2, 5, 109
Suppose 0 = 4*o + 4*h - 64708, -2*o - 5*h - 17534 = -49885. List the prime factors of o.
2, 8089
Suppose 2*t - 3*y - 20536 = 0, -3*y + 638 = 620. What are the prime factors of t?
43, 239
Let i(a) be the third derivative of a**4/12 - 8*a**2 + 1. Let y(d) = -d**3 - 8*d**2 + 9*d + 4. Let z be y(-9). List the prime factors of i(z).
2
Let c be (7/((-49)/(-4)))/((-2)/(-7)). Suppose c*m + 25 = -3*m, 4*m + 8 = -4*o. Suppose -1148 = o*q - 10*q. List the prime factors of q.
2, 41
Let o = 49512 - 20579. List the prime factors of o.
28933
Let n(g) = 5*g + 56. Suppose -5*d = -3*v - 7, 5*d + 2*v - 14 = -2*v. Suppose h = d*z + 14, 5*h = -z + h - 25. List the prime factors of n(z).
11
Let q(u) = 5*u + 60. Let s be q(11). Suppose 3*z + 71 = l - s, 5*z + 930 = 5*l. What are the prime factors of l?
2, 3, 31
Suppose -731*v + 730*v + 16 = 0. List the prime factors of (-17304)/v*4/(-6).
7, 103
Suppose 3813 + 1087 = 450*h - 21200. List the prime factors of h.
2, 29
Let v be (1*743)/(((-135)/(-15))/9). Suppose -2*x + r + 373 = -2*r, 4*x = 5*r + v. What are the prime factors of x?
2, 7, 13
Let m(k) = k**3 + 7*k**2 + 11*k + 2. Let s be m(-5). What are the prime factors of -1787*(1*(s - -2))/1?
1787
Let k(y) = 507*y**2 - 257*y + 4. What are the prime factors of k(4)?
2, 443
Suppose 256*v = 235*v - 57115 + 385198. List the prime factors of v.
17, 919
Let i(p) = -10 - 17 - 45*p - 53*p + 12*p. Let x be i(-5). Suppose 3*m = x - 67. List the prime factors of m.
2, 7
Let y(u) = 6*u - 10. Let i be y(5). Suppose 0*h - 2*h = -3*f + 4, -4*f = h - i. Suppose h = -3*j + 115. List the prime factors of j.
37
Let x be 1 + 12387/18 + (-2)/12. Let l = -397 + x. List the prime factors of l.
2, 73
Let v(b) = -8*b - 7*b + 3*b + 5. Let l = -1290 - -1283. List the prime factors of v(l).
89
Suppose 2142*f + 1813968 = 2181*f. List the prime factors of f.
2, 3, 17, 19
Let z(d) = d**3 - 2*d**2 - 3*d + 2. Let w be z(3). Let m be (3/6)/((-1)/(-4)*w). What are the prime factors of m/(-2) + (-772)/(-8) - 1?
5, 19
List the prime factors of -8 + 6795 + (-64)/8.
6779
Suppose -5*t + 4*p = -111066, 0 = 121*t - 117*t + p - 88857. What are the prime factors of t?
2, 29, 383
Suppose -5*p + 3124 = -4*b, -9*b + 781 = -10*b - 4*p. Let o = 1432 + b. List the prime factors of o.
3, 7, 31
Let l = -54 + 40. Let v(d) = -d**2 - 15*d - 9. Let g be v(l). Suppose -4*x = g*a + 223 - 596, 5*x = 5*a - 400. List the prime factors of a.
7, 11
Suppose -1044 = -3*b - 3*b. Let p = -94 + b. Suppose -7*v = -2*v - p. List the prime factors of v.
2
What are the prime factors of ((-114)/(-456))/(19201/115208*-6 + 1)?
14401
Let d(i) = -i**3 - 4*i**2 - 8. Let z be d(-5). Suppose -2907 = -z*t + 1071. List the prime factors of t.
2, 3, 13
Let h(p) = p**3 + p - 2. Let i be h(2). Suppose 2292 = -i*v + 8220. List the prime factors of v.
3, 13, 19
Let t(z) = -42*z + 138. Suppose 0 = -3*j + 15, -f - j - 1 = 1. What are the prime factors of t(f)?
2, 3
Suppose -39 + 23 = -4*q. Suppose n - 10*b - 102 = -8*b, b - q = 0. What are the prime factors of n?
2, 5, 11
Let g(c) = 8274*c - 9036. List the prime factors of g(4).
2, 3, 5, 401
Suppose 32*g = -15628 + 46572. List the prime factors of g.
967
Let p be (3/(-9))/((7 - 3)/(-9804)). List the prime factors of p + (18/54)/((-2)/6).
2, 3, 17
Let w(s) = -s**3 - 4*s**2 + 2*s + 11. Let u be w(-3). Let h(d) = -197*d + 38. List the prime factors of h(u).
2, 7, 59
Let w(f) = 2007*f + 2173. List the prime factors of w(6).
5, 2843
Let j(f) = 1700*f - 404. List the prime factors of j(4).
2, 3, 13, 41
Let d(v) = 2*v**2 - 11*v + 5. Let k be d(5). Suppose -x + 15*x + 1064 = k. Let o = 324 + x. List the prime factors of o.
2, 31
Suppose 5*m - 4*y + 0*y + 62 = 0, 0 = 4*m - 4*y + 52. Let x be 15/(-2)*8/m. List the prime factors of (46/x)/((52/48)/13).
2, 23
Let i(a) = -4*a - 20. Let v be (48/80)/(2 - (-18)/(-10)). Suppose -r = -v*q + 21, -2*r - 5*q - 9 = -0*q. List the prime factors of i(r).
2, 7
Suppose -3*m - 3*h = -51, 5*h + 0*h - 63 = -4*m. Let v = m - 19. Suppose -4*q = -k - 86, 4*q + v*k - 82 = -4. What are the prime factors of q?
3, 7
Let s = 262 - 257. Suppose -4*x + 16 = 0, -x + 3848 = s*o + x. List the prime factors of o.
2, 3
Let w(b) = -4*b**2 + 15*b - 2. Let t be w(10). Let f = -230 + 589. Let u = t + f. What are the prime factors of u?
107
Let r = -186 + 195. Suppose -2*n - r*n = -5852. What are the prime factors of n?
2, 7, 19
Let h = 24 - 22. Suppose -16 = -o - 3*t, h + 3 = t. List the prime factors of 1896/36 - o/(-3).
53
Suppose -h = -26 - 29. Let u(k) = -k**3 + 40*k**2 - 75*k - 17. Let g be u(38). Let y = h + g. What are the prime factors of y?
2, 19
Let k(y) = -9*y**3 + 414*y**2 + 115*y - 129. List the prime factors of k(45).
3, 7757
Suppose 0 = 3*k + 289*g - 293*g - 32319, 4*k + g - 43111 = 0. List the prime factors of k.
13, 829
Let m = 52 + 29. Let n(b) = -1 - 3*b - 4*b**2 - m*b**3 - 3*b**2 + 3 + 78*b**3. List the prime factors of n(-5).
7, 31
Let o(i) = 2*i**2 + 25*i - 117. Let s be o(-38). Let h = s - 935. What are the prime factors of h?
2, 443
Let q(g) = -228*g + 186. Let s be q(-20). 